2)/(-2) + (-3 - 0). Let y = i - 0. What is d(y)?
-9
Let w(m) = m**2 - 4*m + 7. Let a be w(3). Let l be 1*(-3 - (-36)/a). Let c(d) = d**3 - 7*d**2 + 6*d. Give c(l).
0
Let z(v) be the first derivative of -5*v**2/2 + 17*v - 420. What is z(4)?
-3
Suppose -2733*m + 2726*m + 21 = 0. Let r(t) be the third derivative of t**5/60 - t**4/8 - t**2. Determine r(m).
0
Let g(k) = 5 + 7*k - 28*k**2 + 10*k**2 + 19*k**2. Calculate g(-5).
-5
Suppose 8*t = 26*t - 36. Suppose 0 = -0*r - 2*r + 4. Let q(l) = l + 2*l**r - 2*l**2 - l**2. Give q(t).
-2
Let p(y) be the second derivative of 0 + 9/2*y**2 + 1/6*y**3 + 26*y. What is p(-4)?
5
Let o(v) = 0 - 12*v - 3 + 6*v**2 + v**3 - 2 + 0*v**2. Calculate o(-8).
-37
Let a(g) = -g**3 + 4*g**2 - 2*g. Let n(m) = m - 10. Let r be n(10). Let k be 1/(1/2)*4. Let p be r + k/(-4) - -6. What is a(p)?
-8
Let u(f) = f - f - 1 - f. Let b = -9 + 8. Let j(a) = -5*a**2 - 2*a - 1. Let h be j(b). Give u(h).
3
Suppose 37 = -26*x + 11. Let u(n) = -n**3 + n**2 + 2*n + 1. What is u(x)?
1
Let d be -1 + 61 + 33/11. Suppose 144 = 4*o + 4*o. Let f be (-140)/d - (-4)/o. Let v(m) = -2*m. What is v(f)?
4
Let n(l) = -22*l**3 + 23*l**3 + 4*l - 4 + 4*l**2 - l + 0. Let a(k) = 2*k**3 + 7*k**2 + 7*k - 7. Let r(m) = 4*a(m) - 9*n(m). Calculate r(-8).
0
Let n(i) = i - 1. Let k = -342 - -349. Calculate n(k).
6
Let s = 7 + 4. Let d be 1 + -6*(-8)/6. Let h = d - s. Let c(p) = -3*p**2 - 4*p - 3. Determine c(h).
-7
Let m(i) = i + 4. Let d(n) = 15*n + 13. Let z(t) = d(t) - 5*m(t). Calculate z(2).
13
Let o(j) be the first derivative of -j**2/2 + 4*j + 14. Let i be (-3)/((-3)/(-2))*(-12)/8. What is o(i)?
1
Let g(p) be the second derivative of 0 + p + 0*p**3 - 1/12*p**4 + 2*p**2. Suppose -19*z = -21*z. Calculate g(z).
4
Let p(s) = -3*s + 4. Let f(h) = 6*h - 9. Let t(i) = 2*f(i) + 5*p(i). Give t(-5).
17
Let j(i) = i**3 + 4*i**2 - 4*i + 8. Let w be j(-5). Suppose 2*x = -3*h - 1, -h + 4 = -3*x - w. Let t(m) = 6*m**3 - m**2 + m - 1. Calculate t(h).
5
Let z(j) = -2*j - 4. Let o(d) = d**2 - 9*d - 25. Let b be o(11). Determine z(b).
2
Let l(p) be the third derivative of -11*p**6/120 - p**5/60 - p**4/24 + p**2. Suppose -3*a - 3*m - 3 = 0, 3*a = -3*m + 6*m - 3. Calculate l(a).
11
Let p(o) = o**2 + o + 12. Let i = 7 + -7. Suppose i = -5*q + 40 + 35. Let m be (1 - 0) + q + -16. Calculate p(m).
12
Suppose 9 = -14*a + 5*a. Let n(x) = -5*x**2 + 4*x**3 + x + 4*x**2 + 3*x**2. Give n(a).
-3
Let q(c) = -7*c**2 - 7*c + 60. Let s(t) = -7*t**2 - 6*t + 50. Let p(m) = -5*q(m) + 6*s(m). Let k(y) = y**3 - 4*y**2 + 3*y + 1. Let g be k(3). Calculate p(g).
-8
Let s(c) be the third derivative of 7*c**4/24 - 5*c**3/6 - 2*c**2 + 62. Determine s(5).
30
Suppose -4*t - 8 + 36 = 0. Let h = -4 + t. Let o(l) = -4*l + 6*l**2 + 3 + 4*l + l**h - 7. Calculate o(-6).
-4
Let k(z) = -5*z**3 + 7*z - 1. Let a(n) = 5*n**3 - 10*n + 2. Let x(w) = 2*a(w) + 3*k(w). What is x(-1)?
5
Let f(q) be the second derivative of -q**4/6 + 13*q**3/6 - 11*q**2 + 3*q + 103. What is f(5)?
-7
Let o(n) = -n + 8. Let k be -1*(-7 - -8) + -6. Give o(k).
15
Let f(v) = 8 + v - 3 - 4 - 2*v**3 - 6*v**3. Calculate f(-1).
8
Let i(y) = -y**3 - 6*y**2 - 5*y + 3. Let c = -223 - -218. What is i(c)?
3
Let j(h) = -3*h + 510 - 1058 + 504. Give j(-17).
7
Let n(o) = -o - 8. Let a be n(-6). Let y be -1 + (7 + a - 3). Let q be 1 + (2 - y)*4. Let u(p) = 2*p + 5. Give u(q).
15
Let t(a) = -a. Suppose 22*x + 200 = -18*x. Calculate t(x).
5
Let s = -13 - -21. Let b(a) = a - 4. Let l be b(s). Let h(c) = 1 - 4*c**2 + 2*c**2 - 2*c - c**2 + c**3. Calculate h(l).
9
Let x(y) = -191 - 2*y + 90 + 98. Give x(0).
-3
Let t be ((-4)/3)/(8/84). Let i(g) = 4*g - 1. Let y(c) = 23*c - 23. Let u(m) = 6*i(m) - y(m). Let r be u(t). Let d(x) = -x + 4. Determine d(r).
1
Suppose 4*a = -2*u - 2*u + 8, -2*a - 20 = -4*u. Suppose h - 6*h = -j + 33, 0 = 5*j + 4*h - 107. Suppose -u*i + 5 + j = 0. Let s(r) = r - 2. Give s(i).
5
Let y(i) = 5*i**2 - 2*i - 3*i + 292*i**3 + 302*i**3 + 5 - 595*i**3. What is y(2)?
7
Suppose 129 = 4*z + 45. Let w = z + -18. Let b(n) = 0 + n - 1 + 8*n**w + n**2 - 7*n**3. Calculate b(0).
-1
Let m(x) be the third derivative of x**4/6 - 4*x**3/3 - 612*x**2. Determine m(-5).
-28
Let p = 3 - 11. Let j(f) = -27*f**3 + f**2 + 16*f. Let n(b) = -47*b**3 + 4*b**2 + 30*b + 1. Let h(k) = 7*j(k) - 4*n(k). Determine h(p).
-4
Let g(t) be the second derivative of t**4/12 - t**3 + 5*t**2/2 - 267*t. Calculate g(4).
-3
Let o = 7 + -1. Let g(h) = -h**3 + 2*h**3 - o + 7*h + 0*h**3 - 5*h**2. Let u(s) = s - 20. Let t be u(24). Calculate g(t).
6
Let s(x) = -2*x - 44 + 6*x + 43 + x. Let c(h) = h**3 - 7*h**2 + 18*h - 37. Let z be c(5). Calculate s(z).
14
Let n(l) = -l + 1. Let i(v) = v. Suppose 4*k + 4*g - 16 = 0, -4*g = 3*k - 2*g - 7. Let h(x) = k*n(x) + i(x). Determine h(-5).
-11
Let t(j) = 17*j**2 - 8*j - 22. Let i(r) = 6*r**2 - 3*r - 8. Let b(p) = -8*i(p) + 3*t(p). Give b(-2).
10
Let z(r) = -2 - 3*r**2 + 9 + 5 + 3*r - 11. What is z(-3)?
-35
Let n(r) = 11*r - 239. Let m be n(21). Let b(c) = c**3 + 7*c**2 - 9*c. Give b(m).
8
Let j(n) be the third derivative of -n**5/20 - n**4/8 + n**2. Let k(l) = l**3 - 29*l**2 - l + 27. Let m be k(29). Calculate j(m).
-6
Let r(i) = -i**2 - 6*i + 5. Suppose 25 + 23 = 4*a. Let t be (-2)/(-3) - 8/a. Suppose t = z + 3*b + 9, 7 - 2 = -5*b. What is r(z)?
5
Let b(f) = -14 - 26 + 43 - f**2 - 3*f + 2*f. Calculate b(3).
-9
Let h(a) = -a**3 + a**2 + a - 1. Let y(v) = -6*v**3 + 3*v**2 + 8*v - 3. Let f(i) = -5*h(i) + y(i). What is f(-3)?
2
Let c(o) = 2*o**2 + 25*o + 87. Let u be c(-4). Let q(h) = h**2 - 21*h + 49. What is q(u)?
11
Let u(m) = 8*m**3 + 4*m**2 - m + 3. Let z(y) = -y**3 + y**2 + 1. Let t(i) = u(i) - 4*z(i). Let h be 2 + -2 + (2 - 1). Let c be h + (-5 - -1 - -2). What is t(c)?
-12
Let f(w) be the third derivative of w**4/24 + 7*w**3/3 - 2*w**2 - 5*w. Give f(-6).
8
Let o(s) = -4*s + 3*s**2 - 3*s - 4 + 4 + 4. Let q be o(2). Let m(i) = 4*i + 6*i + 5 - i**2 - 2 + q*i**2. Determine m(-7).
-18
Suppose -3*h - h = 0. Suppose h = -t + 2*t - 1. Let k(j) = -4*j + j + 5*j**3 - t - j**3 + 5*j. Determine k(1).
5
Let n = 61/258 - 3/43. Let j(s) be the third derivative of n*s**3 - 1/60*s**5 + 0 + 0*s - 5*s**2 - 1/12*s**4. Calculate j(-3).
-2
Let h = 56 - 23. Let a = 70 - 43. Let m = h - a. Let o(q) = -q**2 + 6*q - 4. Calculate o(m).
-4
Let q(l) be the second derivative of l**3/6 + 5*l**2 - l. Let p be q(-5). Let r be (-6 + p)*(1 - 2). Let i(o) = -8*o**2 - o. Calculate i(r).
-9
Suppose -5*f + 138 + 57 = 0. Let k = f + -35. Let q(z) = z**3 - 4*z**2 - 2*z + 2. Determine q(k).
-6
Let k = -35 - -39. Let u(p) = p**2 + p - 9*p**2 - 3 + k - 4*p**2. Give u(-1).
-12
Let s(h) = -2*h**2 + 21*h - 23. Let k be s(9). Let g(r) = -r. What is g(k)?
-4
Let a(r) = -3*r**2 - 2*r - 8. Let w(h) = -h**2 + 0*h**2 + 0*h**2 - 3*h**2 - 9 - 2*h. Let o(m) = -5*a(m) + 4*w(m). What is o(4)?
-4
Let l(s) be the second derivative of s**3 - 1/2*s**4 + 3*s - 3/2*s**2 + 0 + 1/20*s**5. Let r(i) = -i**3 + 7*i**2 + 2*i - 9. Let k be r(7). Give l(k).
2
Let p(y) be the third derivative of y**5/60 - y**4/8 + y**3/6 + 47*y**2. Let b = -4 - -6. What is p(b)?
-1
Suppose -4*b - 6 = -5*b. Let m(o) = -o**2 + 5*o + 7. Let s be m(b). Let h(n) be the second derivative of -n**5/20 + n**4/4 - n**3/3 + n**2/2 + 99*n. Give h(s).
1
Suppose 24 = 3*h + h. Let j = h + -2. Suppose q - 2*q - j = 0, -u + 2*q = -6. Let n(m) = -6*m. What is n(u)?
12
Let p = -22 - -28. Let t(q) = p + 7*q - 6*q + 2 - 3. Calculate t(-7).
-2
Let z = 0 - 0. Let v(a) be the third derivative of -6*a**2 + 0*a**5 - 1/6*a**3 + 0*a - 1/120*a**6 - 1/24*a**4 + 0. Determine v(z).
-1
Suppose -v - 2*v + 9 = 0. Suppose -v*r + 6*r = -15. Let z(s) = -s - 10. Give z(r).
-5
Let s(d) = -d + 13. Let c(z) = -z**2 - 40*z - 164. Let p be c(-35). Give s(p).
2
Let t(q) = -q**2 - q - 1. Let y be (2/(-2))/(2/4). Let g(s) = 2 - 3*s**2 - 7*s + 9 - 13. Let b(u) = y*t(u) + g(u). Give b(-5).
0
Let y(p) be the second derivative of -p**3/2 - 3*p**2 - 402*p. Determine y(-4).
6
Let x(d) = d**3 + 6*d**2 - 3*d + 2. Suppose 308 = -13*k - 31*k. Give x(k).
-26
Let n(r) = -r**2 - 4*r. Let k = -15 - -71. Let w = k - 62. Give n(w).
-12
Suppose 3*v - 4 - 2 = 0. Let p be (-1 + -8)/(3/v). Let s(m) = -m**2 + 25*m - 21*m + 0*m**2 + 2*m**2 - 6. Give s(p).
6
Let n(x) = 2*x - 4. Let y be 4/(6 + -10) +